{"id":3556,"date":"2026-04-28T11:11:27","date_gmt":"2026-04-28T14:11:27","guid":{"rendered":"https:\/\/ironcase.com.br\/?page_id=3556"},"modified":"2026-04-28T11:11:39","modified_gmt":"2026-04-28T14:11:39","slug":"case-sob-medida","status":"publish","type":"page","link":"https:\/\/ironcase.com.br\/index.php\/case-sob-medida\/","title":{"rendered":"Case sob medida"},"content":{"rendered":"\n<p>O case sob medida \u00e9 a solu\u00e7\u00e3o ideal para empresas e profissionais que precisam proteger equipamentos com seguran\u00e7a, organiza\u00e7\u00e3o e alto padr\u00e3o de qualidade. Diferente de uma embalagem comum, o case sob medida \u00e9 desenvolvido de acordo com as dimens\u00f5es, o peso e a necessidade de uso de cada item, garantindo um encaixe mais preciso e uma prote\u00e7\u00e3o muito mais eficiente.<\/p>\n\n\n\n<p>Com um case sob medida, \u00e9 poss\u00edvel transportar equipamentos sens\u00edveis, ferramentas, aparelhos eletr\u00f4nicos, instrumentos t\u00e9cnicos e materiais profissionais com muito mais tranquilidade. A estrutura pode ser personalizada com divis\u00f3rias internas, espumas de prote\u00e7\u00e3o, refor\u00e7os, fechos resistentes e acabamentos espec\u00edficos para cada aplica\u00e7\u00e3o.<\/p>\n\n\n\n<p>Al\u00e9m da prote\u00e7\u00e3o, o case sob medida tamb\u00e9m transmite mais profissionalismo para a empresa. Ao chegar em uma reuni\u00e3o, evento, instala\u00e7\u00e3o ou atendimento t\u00e9cnico com um case sob medida bem acabado, a marca demonstra cuidado, organiza\u00e7\u00e3o e compromisso com a qualidade. Por isso, investir em case sob medida \u00e9 uma escolha inteligente para quem valoriza seguran\u00e7a, durabilidade e apresenta\u00e7\u00e3o profissional.<\/p>\n\n\n\n<figure class=\"wp-block-image size-full\"><img fetchpriority=\"high\" decoding=\"async\" width=\"590\" height=\"548\" src=\"https:\/\/ironcase.com.br\/wp-content\/uploads\/2025\/10\/IRONCASEBANNERS-1.png\" alt=\"\" class=\"wp-image-2441\"\/><\/figure>\n","protected":false},"excerpt":{"rendered":"<p>O case sob medida \u00e9 a solu\u00e7\u00e3o ideal para empresas e profissionais que precisam proteger equipamentos com seguran\u00e7a, organiza\u00e7\u00e3o e alto padr\u00e3o de qualidade. Diferente de uma embalagem comum, o case sob medida \u00e9 desenvolvido de acordo com as dimens\u00f5es, o peso e a necessidade de uso de cada item, garantindo um encaixe mais preciso e uma prote\u00e7\u00e3o muito mais eficiente. Com um case sob medida, \u00e9 poss\u00edvel transportar equipamentos sens\u00edveis, ferramentas, aparelhos eletr\u00f4nicos, instrumentos t\u00e9cnicos e materiais profissionais com muito mais tranquilidade. A estrutura pode ser personalizada com divis\u00f3rias internas, espumas de prote\u00e7\u00e3o, refor\u00e7os, fechos resistentes e acabamentos espec\u00edficos para cada aplica\u00e7\u00e3o. Al\u00e9m da prote\u00e7\u00e3o, o case sob medida tamb\u00e9m transmite mais profissionalismo para a empresa. Ao chegar em uma reuni\u00e3o, evento, instala\u00e7\u00e3o ou atendimento t\u00e9cnico com um case sob medida bem acabado, a marca demonstra cuidado, organiza\u00e7\u00e3o e compromisso com a qualidade. Por isso, investir em case sob medida \u00e9 uma escolha inteligente para quem valoriza seguran\u00e7a, durabilidade e apresenta\u00e7\u00e3o profissional.<\/p>\n","protected":false},"author":1,"featured_media":0,"parent":0,"menu_order":0,"comment_status":"closed","ping_status":"closed","template":"","meta":{"footnotes":""},"class_list":["post-3556","page","type-page","status-publish","hentry"],"_links":{"self":[{"href":"https:\/\/ironcase.com.br\/index.php\/wp-json\/wp\/v2\/pages\/3556","targetHints":{"allow":["GET"]}}],"collection":[{"href":"https:\/\/ironcase.com.br\/index.php\/wp-json\/wp\/v2\/pages"}],"about":[{"href":"https:\/\/ironcase.com.br\/index.php\/wp-json\/wp\/v2\/types\/page"}],"author":[{"embeddable":true,"href":"https:\/\/ironcase.com.br\/index.php\/wp-json\/wp\/v2\/users\/1"}],"replies":[{"embeddable":true,"href":"https:\/\/ironcase.com.br\/index.php\/wp-json\/wp\/v2\/comments?post=3556"}],"version-history":[{"count":1,"href":"https:\/\/ironcase.com.br\/index.php\/wp-json\/wp\/v2\/pages\/3556\/revisions"}],"predecessor-version":[{"id":3557,"href":"https:\/\/ironcase.com.br\/index.php\/wp-json\/wp\/v2\/pages\/3556\/revisions\/3557"}],"wp:attachment":[{"href":"https:\/\/ironcase.com.br\/index.php\/wp-json\/wp\/v2\/media?parent=3556"}],"curies":[{"name":"wp","href":"https:\/\/api.w.org\/{rel}","templated":true}]}}