{"id":3562,"date":"2026-04-28T11:39:54","date_gmt":"2026-04-28T14:39:54","guid":{"rendered":"https:\/\/ironcase.com.br\/?page_id=3562"},"modified":"2026-04-28T11:40:05","modified_gmt":"2026-04-28T14:40:05","slug":"case-para-transporte-profissional","status":"publish","type":"page","link":"https:\/\/ironcase.com.br\/index.php\/case-para-transporte-profissional\/","title":{"rendered":"case para transporte profissional"},"content":{"rendered":"\n<p>O case para transporte profissional \u00e9 desenvolvido para atender empresas e profissionais que precisam movimentar equipamentos com seguran\u00e7a, resist\u00eancia e praticidade. Em rotinas que envolvem deslocamentos constantes, eventos, instala\u00e7\u00f5es, visitas t\u00e9cnicas ou opera\u00e7\u00f5es externas, o case para transporte profissional se torna um item essencial para proteger materiais importantes.<\/p>\n\n\n\n<p>Com um case para transporte profissional, os equipamentos ficam mais seguros contra impactos, vibra\u00e7\u00f5es, poeira e poss\u00edveis danos durante o trajeto. A estrutura refor\u00e7ada e os componentes internos ajudam a manter cada item no lugar correto, evitando movimenta\u00e7\u00f5es indesejadas e aumentando a vida \u00fatil dos equipamentos.<\/p>\n\n\n\n<p>Al\u00e9m da seguran\u00e7a, o case para transporte profissional tamb\u00e9m melhora a apresenta\u00e7\u00e3o da empresa. Transportar materiais em um case para transporte profissional passa mais credibilidade, organiza\u00e7\u00e3o e cuidado com os detalhes. Para quem trabalha com equipamentos de valor, o case para transporte profissional \u00e9 mais do que uma prote\u00e7\u00e3o: \u00e9 uma ferramenta de trabalho que contribui para a efici\u00eancia e para a imagem profissional do neg\u00f3cio.<\/p>\n\n\n\n<figure class=\"wp-block-image size-large\"><img fetchpriority=\"high\" decoding=\"async\" width=\"1024\" height=\"1024\" src=\"https:\/\/ironcase.com.br\/wp-content\/uploads\/2025\/10\/8-1024x1024.png\" alt=\"\" class=\"wp-image-2406\" srcset=\"https:\/\/ironcase.com.br\/wp-content\/uploads\/2025\/10\/8-1024x1024.png 1024w, https:\/\/ironcase.com.br\/wp-content\/uploads\/2025\/10\/8-300x300.png 300w, https:\/\/ironcase.com.br\/wp-content\/uploads\/2025\/10\/8-100x100.png 100w, https:\/\/ironcase.com.br\/wp-content\/uploads\/2025\/10\/8-600x600.png 600w, https:\/\/ironcase.com.br\/wp-content\/uploads\/2025\/10\/8-150x150.png 150w, https:\/\/ironcase.com.br\/wp-content\/uploads\/2025\/10\/8-768x768.png 768w, https:\/\/ironcase.com.br\/wp-content\/uploads\/2025\/10\/8.png 1500w\" sizes=\"(max-width: 1024px) 100vw, 1024px\" \/><\/figure>\n","protected":false},"excerpt":{"rendered":"<p>O case para transporte profissional \u00e9 desenvolvido para atender empresas e profissionais que precisam movimentar equipamentos com seguran\u00e7a, resist\u00eancia e praticidade. Em rotinas que envolvem deslocamentos constantes, eventos, instala\u00e7\u00f5es, visitas t\u00e9cnicas ou opera\u00e7\u00f5es externas, o case para transporte profissional se torna um item essencial para proteger materiais importantes. Com um case para transporte profissional, os equipamentos ficam mais seguros contra impactos, vibra\u00e7\u00f5es, poeira e poss\u00edveis danos durante o trajeto. A estrutura refor\u00e7ada e os componentes internos ajudam a manter cada item no lugar correto, evitando movimenta\u00e7\u00f5es indesejadas e aumentando a vida \u00fatil dos equipamentos. Al\u00e9m da seguran\u00e7a, o case para transporte profissional tamb\u00e9m melhora a apresenta\u00e7\u00e3o da empresa. Transportar materiais em um case para transporte profissional passa mais credibilidade, organiza\u00e7\u00e3o e cuidado com os detalhes. Para quem trabalha com equipamentos de valor, o case para transporte profissional \u00e9 mais do que uma prote\u00e7\u00e3o: \u00e9 uma ferramenta de trabalho que contribui para a efici\u00eancia e para a imagem profissional do neg\u00f3cio.<\/p>\n","protected":false},"author":1,"featured_media":0,"parent":0,"menu_order":0,"comment_status":"closed","ping_status":"closed","template":"","meta":{"footnotes":""},"class_list":["post-3562","page","type-page","status-publish","hentry"],"_links":{"self":[{"href":"https:\/\/ironcase.com.br\/index.php\/wp-json\/wp\/v2\/pages\/3562","targetHints":{"allow":["GET"]}}],"collection":[{"href":"https:\/\/ironcase.com.br\/index.php\/wp-json\/wp\/v2\/pages"}],"about":[{"href":"https:\/\/ironcase.com.br\/index.php\/wp-json\/wp\/v2\/types\/page"}],"author":[{"embeddable":true,"href":"https:\/\/ironcase.com.br\/index.php\/wp-json\/wp\/v2\/users\/1"}],"replies":[{"embeddable":true,"href":"https:\/\/ironcase.com.br\/index.php\/wp-json\/wp\/v2\/comments?post=3562"}],"version-history":[{"count":1,"href":"https:\/\/ironcase.com.br\/index.php\/wp-json\/wp\/v2\/pages\/3562\/revisions"}],"predecessor-version":[{"id":3563,"href":"https:\/\/ironcase.com.br\/index.php\/wp-json\/wp\/v2\/pages\/3562\/revisions\/3563"}],"wp:attachment":[{"href":"https:\/\/ironcase.com.br\/index.php\/wp-json\/wp\/v2\/media?parent=3562"}],"curies":[{"name":"wp","href":"https:\/\/api.w.org\/{rel}","templated":true}]}}